 3*t - 8*t, 0 = -4*t - 20. Calculate the remainder when k is divided by x(1).
5
Let j be 123718/63 + (-4)/(-18). Let x be j/14 + 4/(-14). Suppose -3*l + x = k, -2*k + 50 = l - 5*k. What is the remainder when l is divided by 16?
15
Let n = 0 + 5. Let x = -40 + 43. What is the remainder when n is divided by x?
2
Calculate the remainder when 34 is divided by 7/(21/24)*24/16.
10
Let y be (-1 - -1)/3 + 39. Let o = y + -14. Calculate the remainder when 73 is divided by o.
23
Suppose -d + 48 - 12 = 0. Suppose 5*h - d = -11. Suppose 44 = 4*y + 8. What is the remainder when y is divided by h?
4
Calculate the remainder when 49 is divided by (-1285)/(-75) + (-4)/30.
15
Let f = 5 + -4. Let u = 0 - -2. Calculate the remainder when (-93)/(-6) + f/u is divided by 6.
4
Let j(h) = 11*h + 15. Calculate the remainder when j(6) is divided by 21.
18
Suppose 0 = -0*d + 5*d - 5. What is the remainder when 3 - 1/(d/(-5)) is divided by 5?
3
Suppose 0 = 6*s - s - 90. Let l(m) = 10*m**2 + 2*m - 3. Let p be l(2). Suppose -4 = -d, -4*i + i + p = 5*d. Calculate the remainder when s is divided by i.
4
Suppose 3*y - 5*y - 2 = -2*l, 0 = 3*l - 2*y - 3. Let i = l - -5. What is the remainder when i is divided by 2?
0
Let h = -79 + 110. Calculate the remainder when 90 is divided by h.
28
Let v = 95 + -82. Calculate the remainder when 22 is divided by v.
9
Let r(u) = u**3 - 6*u**2 - 6*u + 4. Suppose 2*p = -p. Suppose 5*l - 26 - 6 = m, p = -2*l + 5*m + 22. What is the remainder when r(7) is divided by l?
5
Let f(o) = -o - 11. Calculate the remainder when 2 is divided by f(-12).
0
Suppose -5*m - 5*u + 4*u = -31, -3*u = 12. What is the remainder when m is divided by 2?
1
Suppose 10 = 2*s + 3*s + 5*w, -5*w = 2*s + 8. Let p(r) = 4 + 2*r + 3*r - 4*r. What is the remainder when 29 is divided by p(s)?
9
Suppose 0*c - c - 387 = -4*y, -y - c = -103. Calculate the remainder when y is divided by 3/(-3)*(-24 + -1).
23
Suppose -2*h = 2*p - 180, 2*p - 4*h + 2*h = 176. Let c = p + -48. What is the remainder when c is divided by 11?
8
Let t(h) = -h - 3*h**2 + 9*h + 6 + 2*h**2. Suppose -4*i + 71 = 4*l - 57, -l + i + 42 = 0. Calculate the remainder when l is divided by t(7).
11
Let w = 25 - 17. Suppose 2*l + 0*l = 6. Let c = l - 0. What is the remainder when w is divided by c?
2
Let t = -6 - -7. Let k = t - -5. What is the remainder when 11 is divided by k?
5
Let u(m) = m**2 - 5*m + 2. Let l be u(5). Let s(o) = l*o + 29*o**2 + 2*o - 3*o. What is the remainder when s(-1) is divided by 15?
13
Let c(y) = y - 4. Let x be c(5). Let a be (3 - x) + -5 - -86. Suppose 3*w = -9, w + a = 2*r - 0*w. Calculate the remainder when r is divided by 14.
12
Suppose -30 - 19 = -7*g. What is the remainder when 12 is divided by g?
5
Let q(r) = 9*r + 12. Let l(n) = 8*n + 11. Let u(a) = -5*l(a) + 4*q(a). What is the remainder when 73 is divided by u(-8)?
23
Suppose -115 - 24 = -q. What is the remainder when q is divided by 28?
27
Suppose 3*u - 4*v - 41 = 0, -3*u - 7*v + 2*v = 4. Calculate the remainder when 0/2 + 273/u is divided by 10.
9
Suppose -q - 3*q = -80. Let u = 198 - 140. What is the remainder when u is divided by q?
18
Let s = 6 - 6. Suppose q - 4 - 1 = -4*d, s = -3*q - 4*d + 39. What is the remainder when 33 is divided by q?
16
Let s = 83 + -73. What is the remainder when 19 is divided by s?
9
Let m = -53 - -60. Let y(h) = 3*h - 3. Calculate the remainder when m is divided by y(2).
1
Suppose -l = -3 - 0. Suppose -f + 2*z + 3*z = -38, 0 = -5*f + l*z + 190. What is the remainder when f is divided by 10?
8
Let l = -5 - -7. Suppose 0 = l*o + 3*o - 55. What is the remainder when o is divided by 3?
2
Suppose 0 = -t + 2*t - 60. Suppose -n + 6*n = t. What is the remainder when 23 is divided by n?
11
Suppose -99*g - 44 = -103*g. Calculate the remainder when 63 is divided by g.
8
Suppose -2*s - h = -s - 12, -4*s + 18 = -2*h. What is the remainder when 53 is divided by s?
4
Let f(b) = b**3 + b**2 + 2*b. Let u(a) = 2*a**2 + 3*a. Let j be u(-2). Let n = 77 - 46. What is the remainder when n is divided by f(j)?
15
Let t be 484/(-28) + 4/14. Let r = -7 - t. Calculate the remainder when 39 is divided by r.
9
Suppose 0 = -z - 4*p + 27, 7*z - 2*z - 2*p = 91. Calculate the remainder when 70 is divided by z.
13
Suppose -4*x - 34 = 26. Let p = x - -25. What is the remainder when 19 is divided by p?
9
Suppose s = 2*m + 29, 0 = 4*m - 2*m - 2*s + 26. Suppose -o - 2*w - w + 16 = 0, 2*o + 4*w - 30 = 0. What is the remainder when 0 + (-4)/(m/100) is divided by o?
12
Suppose s = -4*k + 57, 0 = -2*k + k + 4*s + 27. What is the remainder when 56 is divided by k?
11
Suppose 4*b - 4*d = 16, 6*b = 3*b + 5*d + 10. Calculate the remainder when b is divided by 5.
0
Suppose -57 = -3*s + 18. Let g = 15 - 6. What is the remainder when s is divided by g?
7
Suppose -4*m - 5*x + 34 + 3 = 0, m = 4*x - 17. Suppose -3*r - 4*a + 57 = 0, m*r = -0*r - a + 48. What is the remainder when 27 is divided by r?
12
Let l be (63/(-36))/(1/(-8)). Let i = -5 + l. What is the remainder when i is divided by (-6 + 1/1)*-1?
4
Let h(a) = 2*a**2 - 7*a - 5. Let y be h(7). Suppose -q + 8 = -p - p, y = 3*q - 2*p. Calculate the remainder when q is divided by 5.
3
Suppose 0 = -7*u + 312 - 221. What is the remainder when (1/1)/(1/37) is divided by u?
11
Let v be 39/5 + 2/10. Suppose j + 3*j = v. Suppose 3*n = 5*m - 74, -j*n = 4*m - 2*m - 36. Calculate the remainder when m is divided by 9.
7
Calculate the remainder when 82 is divided by (-1)/4 - (-225)/36.
4
Suppose -3*d = 2*h - 316, 9*h - 4*h + 128 = d. Calculate the remainder when d is divided by 37.
34
Suppose 3*u - 27 = 18. What is the remainder when 27 is divided by u?
12
Let w be (34 - 1)/((-2)/(-14)). Suppose 5*s = w + 319. Calculate the remainder when s is divided by 28.
26
What is the remainder when 41 is divided by (24/(-60))/((-2)/55)?
8
Calculate the remainder when 30 is divided by 15 + (0 + 20)/(-5).
8
Let x = -7 + 11. Suppose -x = -r - r. Calculate the remainder when r is divided by 1.
0
Suppose 0 = -5*a + 2*a + 18. What is the remainder when 16 is divided by a?
4
Let j = -59 - -122. Calculate the remainder when j is divided by 13.
11
Let m(a) = -7*a - 2*a - 7*a + 6 + 18*a. Calculate the remainder when 0 + -1 + (23 - 1) is divided by m(3).
9
Suppose 4*d - 2 - 22 = 0. What is the remainder when 9 is divided by d?
3
Let j(h) = 18 - 2*h + 4*h - h. What is the remainder when j(-8) is divided by 6?
4
What is the remainder when 60 + (-5 + 0 - -3) is divided by (60/(-9))/((-1)/3)?
18
Let g be 1*(-2 + (2 - 0)). Suppose g = 2*q + q. Suppose q = -3*r - r + 8. What is the remainder when 5 is divided by r?
1
Suppose -5*f + 226 = 76. Suppose 0 = 2*i - f - 32. What is the remainder when i is divided by 11?
9
Let o = 35 + -12. What is the remainder when 43 is divided by o?
20
Suppose -5*k + 124 = 4*l - k, 0 = -2*l - 4*k + 70. Let f = -14 + l. Calculate the remainder when f is divided by 7.
6
Suppose 83 = 5*v + 2*z, 4 + 0 = z. Let x be (-56)/(-3) - (-3)/9. Suppose 3*c = -j + x, c - 7 = -3*c - 5*j. Calculate the remainder when v is divided by c.
7
Let m(v) = 2*v + 4. Let w be m(-7). Let r(p) = -5*p + 1. Let q be r(1). What is the remainder when q/w + (-88)/(-5) is divided by 10?
8
Suppose 2*k - 21 = -1. Calculate the remainder when k is divided by 6.
4
Let y(l) be the first derivative of 4*l**3/3 + l**2/2 + l + 3. Let h = -3 - -2. What is the remainder when 11 is divided by y(h)?
3
Suppose -b = 3*b - 68. What is the remainder when b is divided by 3?
2
Let a(x) = -x**2 - 9*x - 2. Let u be a(-9). Let j(b) = 4*b**2 + 3*b + 1. What is the remainder when ((-22)/4 + 2)*-6 is divided by j(u)?
10
Suppose 4*c + 3*x = 0, -3*c + 8*x = 4*x - 25. Suppose 0 = c*l + 5*g + 5, g = l - 5 - 4. Calculate the remainder when 17 is divided by l.
2
Let n(m) = -m**2 - 4*m + 1. Let o = 7 - 4. Suppose 0 = s + 2 - o. What is the remainder when n(-4) is divided by s?
0
Let v = -4 + 7. Suppose -v*j + 5 = -u, -j + 4*u + u = -11. Calculate the remainder when 3 - 6/(12 + -6) is divided by j.
0
Let m = -116 - -127. Calculate the remainder when 34 is divided by m.
1
Suppose -h + 3 - 6 = 0. Let u be 0/h + 0 - -7. Let q = u - -1. Calculate the remainder when 22 is divided by q.
6
Let u = 16 - 58. What is the remainder when 81 is divided by 2/(0 - 4/u)?
18
Suppose 5*